y + 20. Let t be w(8). Let j(b) = -4*b**2 - 83*b + 66. List the prime factors of j(t).
2, 3, 7
Suppose 2*f = -2*l + 20, 0*f - 2*f = -5*l + 22. Suppose -2*v = -2 + l. List the prime factors of -2*((-553)/v)/(-7).
79
Let s(m) be the second derivative of -62*m**3/3 - 3*m**2/2 + 14*m - 2. List the prime factors of s(-1).
11
Let o = 11385 + 17218. What are the prime factors of o?
28603
Let f = -103 + 51. Let m = -118 - f. Let s = -13 - m. What are the prime factors of s?
53
Suppose 0 = g + 2, 0 = -3*n - 3*g + 2*g - 101. Let i(k) = k**2 + 7*k - 14. Let t be i(-8). What are the prime factors of (-148)/t + 22/n?
2, 3
Let o(j) = 959*j + 351. List the prime factors of o(20).
19531
Let y be 1/(-2*2/(-12)). Suppose y*c + 4*f = -f - 13, 0 = -5*c + 2*f + 30. Suppose -c*n + 168 = -24. What are the prime factors of n?
2, 3
Suppose -18*x = x + 24*x - 330799. List the prime factors of x.
7, 157
Let r be ((-38)/(-5))/((-20)/(-500)). Suppose -3*f + 3 = 0, -v + 2*v - r = 3*f. Suppose -v = 8*n - 497. List the prime factors of n.
2, 19
Let m(v) = -256*v**3 + 4*v**2 + 29*v + 77. What are the prime factors of m(-3)?
2, 3469
Let t(u) = -48*u**3 + u**2 - u - 1. Let n(h) = h + 14. Let x be n(-15). Let q be t(x). Let o = q - 29. What are the prime factors of o?
2, 5
Suppose 7*w + 3748 = -a - 2037, -2*w - 3*a - 1661 = 0. Let k = 368 - w. What are the prime factors of k?
2, 3, 199
Let p = -16773 + 49088. What are the prime factors of p?
5, 23, 281
Let c(o) = -o**2 - 23*o - 19. Let q be c(-22). Let y be 1/q - 16/(-6). Suppose y*h + 440 = 8*h. List the prime factors of h.
2, 11
Suppose -2*h = 4*m - 14, -2*h + 8 = 2*m - m. Let k be 12/(-1)*(-1688)/48*h. Suppose -9*z = -3 - k. List the prime factors of z.
3, 47
Let p(y) = -y**3 - 6*y**2 - 5*y - 5. Let v be p(-6). Suppose -15*n + 2711 - 611 = 0. Suppose 4*j + 3*h - n = -v, j - 30 = -2*h. List the prime factors of j.
2, 7
Suppose 67*s - 421080 = -43*s. List the prime factors of s.
2, 3, 11, 29
Let p = 557 + -551. List the prime factors of (p - 5)*455 + -7.
2, 7
Let v be -5 - ((-4)/5)/((-13)/8190). Let f = 1394 + v. List the prime factors of f.
3, 5, 59
Suppose -6*b - 1171 = -3499. Let k = -243 + b. What are the prime factors of k?
5, 29
Let d be (0 - (1 + 0))/(4 + -3). Let q(p) = 3*p - 16 + 18 + 72*p**2 - 22*p**2. List the prime factors of q(d).
7
Let d(o) be the second derivative of -o**4/12 - 11*o**3/6 - 5*o**2/2 - 65*o. List the prime factors of d(-10).
5
Let k(v) = 557*v**2 - 312*v + 3468. List the prime factors of k(11).
67433
Suppose -9*w - 10274 - 2254 = -17*w. List the prime factors of w.
2, 3, 29
Suppose 5*c - 11 = 14. Let v be (-1 + c)/(8/(-28)*-7). Suppose -v*k + j = -j - 90, 4*k = -j + 200. List the prime factors of k.
7
Let k(q) = 120*q**3. Let c be (0 - (-1)/(-3))*(1 + 5). Let a be c/(-7) + -10*2/(-28). What are the prime factors of k(a)?
2, 3, 5
Let l = -12777 - -70934. What are the prime factors of l?
11, 17, 311
Suppose 4*g - 18*d - 22876 = -16*d, 2*g - 11438 = 2*d. List the prime factors of g.
7, 19, 43
Let q be 2 + 0 - (-1 + 0). Suppose -q*d + 4*d - 243 = 0. List the prime factors of d.
3
Let z = 416 + -39. Let u = z + 23. List the prime factors of u.
2, 5
Let g be 1*1222/(-9) + 18/(-81). Let c = g + -75. List the prime factors of ((-6)/(-8))/(c/212 - -1).
3, 53
Let z(y) = 259*y**2 - 12*y - 13. Let k be z(-1). Let a = k + 1. List the prime factors of a.
7, 37
Let a = -248 + 390. Suppose a + 74 = 12*t. List the prime factors of t.
2, 3
Let o = -8009 + 7843. Suppose -4*w + 8 = -2*w. What are the prime factors of (o/(-8) + w)*(-16)/(-3)?
2, 3, 11
Suppose -3*b = -5*b + 8. Suppose 2*j = 4*r - 12, j - 3*j = 4*r - b. Suppose 3*o - 126 = -r*w + 2*o, -3*w + 189 = 2*o. What are the prime factors of w?
3, 7
Suppose 11088 = 6*m + m. Suppose 33*z - m = 24*z. What are the prime factors of z?
2, 11
Let q be (6/9)/(803/801 + -1). Let j = q + 186. Suppose 0 = -5*x + w - 3*w + j, x - 3*w = 94. What are the prime factors of x?
7, 13
Let c(r) = -2*r**2 - 19*r - 9. Let i be c(-9). Suppose 0 = 5*t - 4*k - 0*k - 549, i = t + 2*k - 107. List the prime factors of t.
109
Let u = -4235 + 9567. What are the prime factors of u?
2, 31, 43
Let y = 36 + -28. Suppose -h + y - 25 = -5*r, -4*h = -3*r. Suppose -r*p = -224 - 152. What are the prime factors of p?
2, 47
Suppose -1160 = 2*b + 2564. Let z be (-8)/(-32) + b/(-8). Suppose -3*i = -z + 53. List the prime factors of i.
2, 3, 5
Let q(l) = -l**3 + 2*l**2 + l + 11. Let m be q(0). Let k(j) = j**2 - 7*j - 7. List the prime factors of k(m).
37
Suppose -5*h = -10*h + i + 33689, -33697 = -5*h + 3*i. List the prime factors of h.
6737
Suppose 257*o + 6738078 = 396*o - 1296956. List the prime factors of o.
2, 7, 4129
Let r(v) = -2*v**3 + 740 - 5*v + 27*v**2 - 711 + 3*v**3. What are the prime factors of r(-26)?
5, 167
Let y be (28/8 + -4)*(0 - 48). Suppose 5*s = -5*b + 4*b - 10, 4*b + y = -4*s. What are the prime factors of 2 + 4*-9*b/3?
2, 31
Let v = -49 - -61. Suppose 3*b = v - 15. What are the prime factors of 452/(8/2) + b?
2, 7
Suppose 17 = 2*c - 1. Let s be -35*(4 - 8 - (-1 + c)). Suppose -4*z + 172 = -s. What are the prime factors of z?
2, 37
Let q(p) = -2*p**3 - 14*p**2 + 13*p - 9. Let y be q(-8). Suppose 3*n - 648 = 2*n. Suppose y*v - 7*v - n = 0. What are the prime factors of v?
3
Let l(v) = v**3 + 7*v**2 - 3*v - 37. Let q be l(-4). Suppose -n = 4, 21*o - q*o = 4*n - 1638. List the prime factors of o.
827
Suppose -66*j + 741819 = -1215015. What are the prime factors of j?
3, 9883
Suppose -52 = -24*r + 44. Let j(h) = 7*h**3 - 6*h**2 + 4*h - 2. List the prime factors of j(r).
2, 3, 61
Let o(k) = -3*k + k**3 + 32 + 6*k + 7*k**2 + 5*k + 0*k. Let q be (-3)/(18/4)*(-1065)/(-142). What are the prime factors of o(q)?
2, 3, 7
What are the prime factors of (29480/938)/((-2)/(-399))?
2, 3, 5, 11, 19
Suppose 2*h + 0*h + 4*p = -16, 14 = -3*h - 4*p. Suppose c - 4*q + 9 = h, 5*q - 5 = 2*c. List the prime factors of c.
5
Let l(c) = 10*c**2 + 26*c - 26. Let d be l(-12). Let p = d + -485. What are the prime factors of p?
617
Let k = -1194 - -32595. What are the prime factors of k?
3, 1163
Let d be 3*5*4/20 - -24. Suppose -d*q + 24*q = 3*k - 5358, -5*k - 2*q = -8921. What are the prime factors of k?
1783
Let c = -23256 + 33582. List the prime factors of c.
2, 3, 1721
Let u(a) = -a**2 - 11*a - 25. Let g be u(-5). Suppose g*y + 4*w = w - 128, 4*y + 3*w + 100 = 0. Let r = y - -30. What are the prime factors of r?
2
Suppose -4*v = -5*v + t - 14, 4*v + 74 = -2*t. Let p = 38 - v. What are the prime factors of (p/(-3))/((-3)/9)?
5, 11
Suppose -3407*v = -3419*v + 213936. What are the prime factors of v?
2, 4457
Suppose 104*r = 282*r - 13362638. What are the prime factors of r?
41, 1831
Suppose 0 = 28*g + 151054 - 423382. List the prime factors of g.
2, 3, 1621
Let m = 703 - 703. Suppose m = 124*p - 127*p + 2967. What are the prime factors of p?
23, 43
Suppose 0 = 26*b + 65*b + 4*b - 464835. List the prime factors of b.
3, 7, 233
Let v = -152 - -157. Suppose 8*i - v*i = 18. List the prime factors of i.
2, 3
Let n = -42 - -37. Let f be -10*(13/n + (-15)/(-25)). What are the prime factors of 1/((-2)/(-60))*f/12?
2, 5
Suppose -36*m = -210414 - 335987 - 116575. List the prime factors of m.
2, 1151
Let w(f) = -12*f + 66. Let v be w(-2). List the prime factors of 4498/4 + v/(-36).
2, 3, 11, 17
Let n(g) be the first derivative of 15*g**4/4 + g**3/3 + 2*g**2 - 205. List the prime factors of n(3).
2, 3, 71
Let i = 52415 - 26956. List the prime factors of i.
7, 3637
Let a = -7 + 9. Suppose 521 = a*d - 145. Let q = -217 + d. List the prime factors of q.
2, 29
Suppose -2*x + 21 - 447 = 0. Let c = 354 + x. List the prime factors of c.
3, 47
Let i(p) = 6*p**2 - 16*p + 29. What are the prime factors of i(17)?
3, 7, 71
Let g(t) = 91*t**2 + 17*t + 170. List the prime factors of g(-19).
2, 16349
Let f be (4 - (-42)/(-15))/((-2)/(-10)). Suppose -w = f*w. Suppose v + 5*b - 685 = -4*v, -2*b = w. What are the prime factors of v?
137
Let g(l) = -334*l - 9. Let u be g(-3). Suppose 41*o = 38*o + u. What are the prime factors of o?
331
Let m = 640 - 598. List the prime factors of -9*-22*m/36.
3, 7, 11
List the prime factors of 1 + 10003 + 3*(160/12)/(-8).
3, 11, 101
Let p be ((-12)/(-6) - 3)/((-2)/108). Let n = -33 + p. List the prime fact